-5))/(6/k)?
2
Suppose k = -22 + 19, -4*k = z - 1423. What is the units digit of z?
5
Let a(u) be the first derivative of u**3/3 - 7*u**2/2 - 6*u + 9. Let n be a(7). Let h(g) = g**3 + 7*g**2 + 4*g - 4. What is the units digit of h(n)?
8
Let w = -28 - -30. Suppose 3*r + s - 2 = 0, 16 = -w*r + 4*s - 9*s. What is the units digit of (9/r)/((-15)/(-220))?
6
What is the hundreds digit of (-41700)/(-63) + 4/42?
6
Let c be (-15)/6*(-4)/(-5). Let j(x) = 60*x**2 - x - 8. What is the hundreds digit of j(c)?
2
Let c = 7 + -4. Suppose 0 = -4*r + 3 + 5. Suppose 2*w - 66 = -5*b, -4*b + c*b = r*w - 18. What is the units digit of b?
2
Suppose -5*t + 21 = y - 2, 0 = 3*y + 6. Suppose 0 = t*a - 168 - 207. What is the tens digit of a?
7
Let d be (-12)/(-3)*(-6)/(-12). Suppose -4*t + 18 + 2 = 0. Suppose -f + 22 = l + 1, d*f - 63 = t*l. What is the tens digit of f?
2
Suppose 0 = 3*b + 4*b - 5691. What is the tens digit of b?
1
What is the units digit of -1*12*(4 + -20)/2?
6
Suppose 6*t - 746 = 658. Let w = t + -98. What is the tens digit of w?
3
Let x be (-343)/(-147) + 4/6. Let j = 2 + 2. Suppose -3*u + w = -j*u + 22, x*u - 67 = -4*w. What is the tens digit of u?
2
Let x(u) = -u**3 + 8*u**2 + 11*u - 12. Let l be x(9). Let r(v) = v - 1. Let q be r(l). Let i = q - -1. What is the units digit of i?
6
Let n = 32 - 38. What is the tens digit of (n/8)/(718/240 - 3)?
9
Let k(x) = x**3 - 2*x**2 - x + 5. Let j be k(3). Suppose 98 = -j*t + 13*t. What is the units digit of t?
9
Let c = -159 + 203. What is the units digit of c?
4
Suppose -2*x - 25 = -7*x. Suppose x*r - 7 = -2*i, -r + 2 = 2*r - i. Suppose 6 = 5*v + r. What is the units digit of v?
1
What is the units digit of (-271 + 2)*(-3 + 2)?
9
Let q(z) = 720*z + 550. What is the thousands digit of q(4)?
3
Let c(v) be the second derivative of -v**5/20 + v**4/2 + 11*v**3/6 + 5*v**2 + 9*v. What is the units digit of c(-5)?
0
Let h = -1174 - -2922. What is the units digit of h?
8
Let c be 18/(-4)*16/24. What is the units digit of (-382)/c - (-2)/3?
8
Suppose -18*z - 44960 = -50*z. What is the tens digit of z?
0
Suppose -4*a = 5*f - 18972, -929 - 2878 = -f - 5*a. What is the hundreds digit of f?
7
Suppose 557*j - 551*j = 26016. What is the thousands digit of j?
4
Let b(o) = 2*o**2 - 22*o - 6. Let l be b(11). What is the hundreds digit of -129*15/(-18) - (-9)/l?
1
Suppose -s = 4*i - 837 - 1748, 0 = -2*s + i + 5152. What is the thousands digit of s?
2
Suppose 0 = -5*h + u + 4*u - 10, 5*u - 10 = 0. Suppose -b + 2 = h, 4*b = -4*l + 169 + 59. Let a = l + -23. What is the tens digit of a?
3
Let b(l) = 639*l**2 + 2*l. Let j be b(-1). Suppose -p = 6*p - j. What is the units digit of p?
1
Suppose 3*c + 13389 = 6*c. What is the units digit of c?
3
What is the hundreds digit of ((-10270)/(-12))/5 + 85/102?
1
Let v(s) = -s**3 - 5*s**2 - s - 9. Let g be v(-6). Suppose -g*a - 175 = -38*a. What is the tens digit of a?
3
Suppose 0*f - 6*f = 42. Let v be (7 + f)/((-2)/1). Suppose j - 8 = -v. What is the units digit of j?
8
What is the hundreds digit of (-28 + -18)*(-2 + 4 - 34)?
4
Suppose -c + 6*c - 10 = 0. Suppose -4*v + 0*b - 42 = c*b, 4*b = 4. What is the tens digit of 1206/99 - (-2)/v?
1
Let c = -14 + 26. Let g be -2*(7 - 0) - (-12 - -7). Let x = g + c. What is the units digit of x?
3
Let c(i) = 5*i**2 - i - 5. Let m be c(-2). Let q = 106 + m. What is the tens digit of q?
2
Let a be -7*(-2)/14 - (-1 - 3). Suppose 0 = -a*h, h - 4 = -g + 5*h. What is the units digit of g?
4
Let z = -2028 + 3134. What is the thousands digit of z?
1
Let x = 5 + -5. What is the tens digit of 14 + (-3 - x) + 0?
1
Let h(m) = m**3 + 19*m**2 + 24*m - 38. What is the hundreds digit of h(-16)?
3
Suppose p - 118 + 1579 = 3*t, 4*p = 0. What is the hundreds digit of t?
4
Suppose 33 = 3*i - 3*g, i = -4*g - 9 - 5. Suppose -i*o - t + 418 = -2*o, -t = o - 103. What is the tens digit of o?
0
Let s(y) = -y**3 - 6*y**2 - 8*y - 6. Let v be s(-5). Let w be (16/12)/(4/v). What is the units digit of ((w - 5) + -2)*-1?
4
What is the tens digit of -1393*(4/2)/(-14)?
9
Let v = -5 - -12. Suppose -13*j + 17*j + 12 = 0. What is the units digit of v*(-4 - -2 - j)?
7
Suppose 408 - 2079 = -3*c. What is the units digit of c?
7
Let f(g) = -172*g + 11. What is the thousands digit of f(-11)?
1
Let r be (-1)/(-4) + (-4695)/(-20). Suppose -2*k + 7*k = 2*x + r, 2*x + 190 = 4*k. Suppose 6*b - b = k. What is the units digit of b?
9
Let p(z) be the second derivative of -z**6/360 + z**5/15 + 5*z**4/24 + z**3/3 + 2*z. Let s(n) be the second derivative of p(n). What is the units digit of s(6)?
7
Let g(z) = 14*z - 5. Let a = 19 - 16. What is the units digit of g(a)?
7
What is the units digit of (-228)/570 - 30784/(-10)?
8
Let q(o) = 6*o**2 - 18*o + 17. What is the tens digit of q(17)?
4
Suppose 0 = 37*z - 38*z + 362. What is the units digit of z?
2
Suppose 5*y = -4*d - 346, 21 - 5 = -4*d. Let t = y - -111. What is the units digit of t?
5
Let x(k) = k**3 + 1. Let v be x(-1). Let i(m) = m**2 + m + 24. What is the units digit of i(v)?
4
Let t be ((-436)/5)/(26/(-65)). Let h = -125 + t. What is the units digit of h?
3
Let g(t) = t**3 - 16*t**2 + 14*t + 15. Let l be g(15). Suppose 5*u + u - 60 = l. What is the units digit of u?
0
Let b(i) = i**3 + 7*i**2 + i + 10. Let o be b(-7). Suppose 0 = 2*x - 2*p - 6, 5*x - 3*p = 22 + o. What is the units digit of (-2)/x - (-483)/12?
0
Let a(o) = o**3 - o**2 - 3*o - 1. Let f be a(6). Let s(v) = -v**3 - 26*v**2 - 52*v - 92. Let u be s(-24). Suppose -u*j + f = 3*j. What is the units digit of j?
3
Suppose -9310 = 57*f - 76*f. What is the tens digit of f?
9
Let f(h) = -h**3 + 6*h**2 - 3*h - 1. Let m be f(5). Let c be 551/m - (-2)/(-9). Suppose 3*q - c = -22. What is the units digit of q?
3
Let m = -1246 + 1840. What is the units digit of m?
4
Suppose -j - j - 2*s = -3740, -3*j = 4*s - 5614. What is the thousands digit of j?
1
Suppose 181*s - 2121 = 178*s. What is the units digit of s?
7
Suppose -35 = 5*p + 20. Let k(t) = -21*t + 11. Let f(y) = -4*y + 2. Let g(j) = 11*f(j) - 2*k(j). What is the units digit of g(p)?
2
Let n(c) = -c**2 + 9*c - 7. Let m be -2*(-1 - (-3)/(-6)). Suppose -f - m = -p + 3, -2*p - 5*f = -5. What is the tens digit of n(p)?
1
Suppose -3*q + 4589 = 5*i, -q = -5*i - 1045 - 498. What is the units digit of q?
3
Let y(z) = -z**3 + 6*z + 4. Let s be y(3). What is the tens digit of 9/2*((-219)/(-9) - s)?
3
Suppose k = 3*v - 67, -2*v + 348 = -4*k - 6*v. Let r = k + 191. Let d = r + -63. What is the tens digit of d?
4
What is the thousands digit of (-856)/(-6)*(-23)/((-207)/108)?
1
Let x(p) = p - 20. Let r be x(11). Let y(w) = w**3 + 9*w**2 - 26*w + 9. What is the units digit of y(r)?
3
What is the tens digit of ((-1710)/(-9))/((-1)/(-2))?
8
Suppose 0 = 6*d - 275 + 65. What is the hundreds digit of (-7)/d + 9/(-5) - -133?
1
Suppose -311*v - 19950 = -318*v. What is the tens digit of v?
5
Suppose 0 = -5*l + 16 + 4. Let u be (-8)/l + (17 - 3). Suppose -w - i + 3 = 0, -4*w = -6*w + i + u. What is the units digit of w?
5
What is the units digit of 4/(-2) - 2 - (24 + -704)?
6
Let x be (-26 - 2)/(-3 + 1). Let z = x - -14. What is the units digit of z?
8
Suppose 0 = -m + 4*s - 1, -2*m + 6 - 1 = -s. Suppose -m = 6*c - 9*c. What is the units digit of c?
1
Let l(z) = -5*z - 2. Let p be l(-2). Let h be (p + -7)/(2/6). Suppose 0 = 5*b + h*v - 109, v + 24 = -5*b + 127. What is the units digit of b?
0
Suppose -30*z + 27*z = -15. Suppose -1375 = -z*q - 6*q. What is the tens digit of q?
2
Suppose -5*j - 201 = 129. Let c = j - -139. What is the units digit of c?
3
Suppose -2*n + 85 = -81. Suppose n = 4*j - 97. What is the units digit of j?
5
Let l be ((-45)/(-10))/(6/(-80)). Let n = l + 111. What is the tens digit of n?
5
Let p = -2516 + 3985. What is the hundreds digit of p?
4
Let o(d) = -734*d + 83. What is the tens digit of o(-5)?
5
Suppose -960 = -3*m - 2*f, 0*f = -m + 3*f + 331. What is the hundreds digit of m?
3
Let f be ((-12)/21)/((-4)/14). Suppose 0*k + 2*k = f. What is the units digit of k?
1
Let r(u) = 8*u**2 - u + 4. What is the tens digit of r(-3)?
7
Let c(h) = h + 6. Let y = -4 - 2. Let m be c(y). Suppose 128 = -m*o + 4*o. What is the units digit of o?
2
Let n(q) = -451*q**3 - q**2 + 1. Let u be n(-1). Suppose 761 = 12*c - u. What is the units digit of c?
1
Supp